What is the units digit of u(6)?
6
Suppose 144 = 21*x - 9*x. Suppose x*n = 25*n - 10933. What is the units digit of n?
1
Let j be -2 + 2 - (4 + -2). What is the hundreds digit of (((-8)/5)/j)/((-50)/(-16375))?
2
What is the units digit of 6352 + -3 + 19 - (-1 + -5)?
4
Suppose i = -4*s - 4, -5*i - 4*s = -9*s - 30. Suppose 2*q - 5*c - 666 - 22 = 0, -5*q = -i*c - 1686. What is the units digit of q?
4
What is the units digit of 14*(36936/112 + 7/(-98)*4)?
3
Let i(s) = s. Let m(t) = -7*t + 68. Let x(l) = -2*i(l) - m(l). Let b be x(0). Let n = -20 - b. What is the tens digit of n?
4
Let o = -5681 - -11044. What is the units digit of o?
3
Suppose -6*b = -3*c - 4*b - 332, -104 = c + b. Let v = c - -481. What is the units digit of v?
3
Let j be -4 + (-2 - -6 - (1 + 10)). Let i(z) = -z**3 - 9*z**2 + 14*z - 27. Let w be i(j). Let h = 113 - w. What is the tens digit of h?
5
Let a(i) = -i**3 - 11*i**2 + 13*i + 15. Let s be a(-12). Suppose 4*d + 73 - 367 = -s*h, 2*h + 284 = 4*d. Let j = -25 + d. What is the units digit of j?
7
Let a be (4*2/(-8))/1. What is the tens digit of 640 + a + 5*(-2)/(-5)?
4
Let f = -5985 - -4006. Let p = -1092 - f. What is the hundreds digit of p?
8
Let d(l) = -12*l - 12. Let m(n) = 1. Let x be (-3)/(-9)*6/(-2). Let j(v) = x*d(v) - 6*m(v). What is the tens digit of j(6)?
7
What is the units digit of (-165)/45 - 11552/(-12)?
9
Suppose 93*k + 122 + 145 = -12. Let c(f) = -15*f**2 - 2*f + 4. Let l(h) = -h**2. Let v(s) = -c(s) + 4*l(s). What is the tens digit of v(k)?
8
Let t(s) = s**3 - 4*s**2 - 3*s + 10. Let q be t(4). Let w be (-544 - 4)*1/q. Let b = w + -155. What is the tens digit of b?
1
What is the tens digit of (-20)/(-100) - 52/10 - -10*3846?
5
Let v(p) be the third derivative of 1/6*p**3 + 1/12*p**4 + 0*p + 1/60*p**5 - 17*p**2 + 0 - 19/40*p**6. What is the tens digit of v(-1)?
5
Suppose 4*c + 0*t + 3*t + 4443 = 0, -5551 = 5*c + t. Let b = c + 2407. What is the tens digit of b?
9
Let h = 65170 - 27781. What is the ten thousands digit of h?
3
Suppose 3*h + 4*z = -237 + 18656, -3*h + 2*z = -18461. What is the thousands digit of h?
6
Let r be -2 + 5 + 8 + 4. Suppose 12*u - 7*u = r. What is the hundreds digit of (u*3/18)/(1/394)?
1
Suppose 0 = -d - 5*z + 12, d + 3*d + 2*z + 42 = 0. Let n(v) = 7*v + 26. Let j be n(d). Let w = 110 + j. What is the units digit of w?
5
What is the hundreds digit of 131096/(-70)*90/(-36)?
6
Suppose -4*o = 3*o + 1260. What is the hundreds digit of (0 + -18)/((o/1179)/10)?
1
Suppose 16*s = 13*s - 4446. What is the hundreds digit of ((-13)/2)/(13/s)?
7
Suppose -36*t + 1621080 = 22*t - t. What is the thousands digit of t?
8
Suppose -4*r + 2*s = 3*s + 61, -10 = r - 5*s. Let p(h) = -h**2 - 15*h + 25. Let l be p(r). Suppose 2*o - 93 = l. What is the units digit of o?
9
Let p(m) = -21*m**3 + 3*m**2 - 19*m + 9. What is the hundreds digit of p(-5)?
8
Let g(q) = 139*q**2 - 26*q + 132. What is the units digit of g(5)?
7
Let r = 22 - 16. Let g(y) = 4*y**2 - 8*y - 11. Let v be g(r). Let c = 134 - v. What is the units digit of c?
9
Let u(q) = -852*q + 810. What is the units digit of u(-6)?
2
Let q = 46 - 42. Suppose -39 = -5*d - 4*u, -q*d - 2*u - u = -31. Suppose -15 = 5*z, d*b - 4*b - z = 408. What is the units digit of b?
5
What is the tens digit of 9771 - (-2)/(0 + (2 - 0))?
7
Let u = -41 - -53. Suppose 13*d - 17*d + u = 0. What is the units digit of (4/d)/(6/108)?
4
Suppose -4*k + 1612 = 2*h - 4926, 2 = -2*h. Suppose 3*v - 471 = -2*q + 600, -k = -3*q + 5*v. What is the hundreds digit of q?
5
What is the tens digit of 1 + 42735 + -2 - -1*10?
4
Let a be 6 - (-3 - 1 - -28436). What is the tens digit of (a/(-305))/((-2)/(-5))?
3
What is the thousands digit of ((-6)/((-216)/(-909))*-14)/((-4)/(-104))?
9
Let l(r) = -3*r**3 - 28*r**2 - 21*r + 212. What is the thousands digit of l(-20)?
3
Let z(y) = -3*y + 497 - 8 + 11*y - 4*y. What is the tens digit of z(0)?
8
Suppose 0 = c - 3*z - 31853 - 26098, 5*c - 289787 = -z. What is the units digit of c?
7
Let l = 4341 + -3077. Suppose 0 = -4*f, -v - v + l = 4*f. What is the units digit of v/20 + 12/5 + -3?
1
Let k(r) = -4*r**3 - 5*r**2 - 4*r - 126. Let q(d) = d**3 + 2*d**2 + d + 42. Let s(f) = -2*k(f) - 7*q(f). What is the units digit of s(8)?
2
Suppose -150 = 3*k - 5*k - 4*r, -8 = -2*r. Let v = -64 + k. Suppose v*f = f + 234. What is the units digit of f?
7
Suppose -419*o = -417*o - 10. Let b be 2/7 - 3222/(-42). Suppose -o*x + b = -538. What is the tens digit of x?
2
Let f(g) be the second derivative of -7*g**3/2 + 7*g**2/2 - 10*g. Let w be f(-3). Let u = w - 16. What is the units digit of u?
4
Let x be 4/22 - (-1365)/55. Suppose 5*v = 5*o - 1760, 0 = 5*v + x - 5. What is the units digit of o?
8
Let q(y) = 2*y**3 + 5*y**2 + y. Let s be q(-2). Suppose -1381 + 291 = -s*p + 5*c, -545 = -p - 5*c. What is the tens digit of p*(42/15)/7?
1
Suppose 0 = 59*y - 35*y - 35*y + 350548. What is the hundreds digit of y?
8
Suppose 0 = 22*s + 27*s - 24*s - 625350. What is the thousands digit of s?
5
Let z(f) = -f. Let v(r) = 4*r - 2. Let t(p) = 11*p - 6. Let l be t(1). Let k(s) = l*z(s) - v(s). What is the units digit of k(-2)?
0
Suppose -4*z = -0*z + 3*a + 1729, 1333 = -3*z + 5*a. Let t = 275 - z. What is the hundreds digit of t?
7
Suppose -67 = -3*g + 68. Let m = 48 - g. Suppose -5*w + 172 = -m*w. What is the units digit of w?
6
Suppose -2*d - 5220 = 7*d. Suppose 0 = -8*u + 8483 - 1859. Let x = d + u. What is the tens digit of x?
4
Let p(v) = -3042*v - 1315. What is the hundreds digit of p(-13)?
2
Let q(k) = -8*k - 72. Let p be q(-5). What is the tens digit of p/(-6)*(-2925)/(-50)?
1
Suppose -5*t + 82725 + 18314 = -80661. What is the thousands digit of t?
6
Suppose 5*y = s + 580, 3*y + 2*s - 280 - 68 = 0. Let j = y - -63. Let i = j - 126. What is the units digit of i?
3
What is the thousands digit of (1 + -1 - -28183) + -36 + 21 + 22?
8
Suppose -3*s + 103623 = 2*f, -f + 3*s + 24527 = -27280. What is the units digit of f?
0
Let u be (147/(-9))/7*6/(-2). Let t = -10 + u. Let c(n) = 8*n**2 + 2*n + 7. What is the units digit of c(t)?
3
Let a = 127 + -119. What is the units digit of a/16 + (-1498)/(-4)?
5
Suppose 98*c - 2720 = 90*c. Suppose 5*r = 5*f + 1720, 3*r + c = 4*r + f. What is the units digit of r?
2
Suppose 2928 = -802*g + 804*g. What is the units digit of g?
4
Let a = 44075 + 9952. What is the ten thousands digit of a?
5
Let p = -33 - -33. Suppose -w - 3*z = w + 251, p = -2*w - z - 253. Let x = w - -274. What is the tens digit of x?
4
Suppose -120 = -16*d + 8. Suppose 0 = 12*q - 4*q + d. What is the units digit of 222/(q - 1)*4/(-6)?
4
Suppose -o + 4*c - 8 = 0, 6*o = o + 4*c + 8. Suppose -o*g + y + 3220 = 0, -g - 2*y + 543 = -262. Suppose 104*q - 99*q - g = 0. What is the units digit of q?
1
Suppose 380 = 3*o - 4*z - 224, 2*z + 812 = 4*o. Let l = 489 - o. What is the tens digit of l?
8
Suppose -86*t + 84*t = -4*a + 3844, 2857 = 3*a + 5*t. What is the tens digit of a?
5
Let q(c) = 505*c**2 + 21*c - 183. What is the ten thousands digit of q(7)?
2
Let u(t) = -t**3 - 10*t**2 + 8*t - 8. Let j(g) = 9*g**2 - 8*g + 9. Let l(o) = -3*j(o) - 2*u(o). What is the units digit of l(4)?
7
Suppose w + 2*r + 17 = 1, -2*r + 16 = -3*w. Suppose -9*i + 4*i = -45. What is the units digit of i - w/(4/2)?
3
Suppose 5*m - 7292 = -2*q, 2*q - 5*m + 615 = 7887. What is the tens digit of q?
4
Let v = -47 - -124. Let n = -1202 + 1381. Suppose -4*d + v + n = 0. What is the units digit of d?
4
Suppose 264 = 3*f + 9*f. Let h be ((-15)/f + (-12)/(-66))*0. Suppose 16*z - 3*z - 923 = h. What is the tens digit of z?
7
Let t be 2/3*(79 - 1). Let i(a) = -27*a - 862. Let g be i(-32). Suppose -g*w = -236 + t. What is the units digit of w?
2
Let t be (-2)/(-4) + 36/8. Let m be ((-12)/t)/(64/160). Let r(z) = z**3 + 11*z**2 - 8*z - 19. What is the tens digit of r(m)?
0
Let l(d) = -8*d + 5. Let k be l(4). Let o(t) = t**2 + 27*t + 27. Let h be o(k). Suppose -2*m = -3*m + h. What is the tens digit of m?
2
Let s = -302 - -515. Suppose -3*a - 3*n + s = 0, 263 = 13*a - 9*a - 3*n. What is the units digit of a?
8
Let z(t) = t**2 - 15*t - 2. Let m be z(14). Let b be (-552)/m*(-16)/(-6). What is the units digit of 3 + b + -2 + 1?
4
Let o be 10256/(-38) - (-16)/(-152). Let w = o + 737. What is the hundreds digit of w?
4
Let c(m) = m**3 +